{"id":88,"date":"2022-10-03T13:05:13","date_gmt":"2022-10-03T13:05:13","guid":{"rendered":"http:\/\/sozial-psychiatrische-spitex.ch\/?page_id=88"},"modified":"2024-05-05T14:57:28","modified_gmt":"2024-05-05T14:57:28","slug":"wichtige-mailadressen-nummern","status":"publish","type":"page","link":"https:\/\/sozial-psychiatrische-spitex.ch\/?page_id=88","title":{"rendered":"Wichtige Mailadressen &#038; Nummern"},"content":{"rendered":"\n<figure class=\"wp-block-table is-style-stripes has-large-font-size\"><table class=\"has-fixed-layout\"><tbody><tr><td>A<\/td><\/tr><\/tbody><\/table><\/figure>\n\n\n\n<h4 class=\"wp-block-heading\">ADHS im Erwachsenenalter<\/h4>\n\n\n\n<p>Ambulantes Angebot f\u00fcr Erw. mit ADHS<\/p>\n\n\n\n<p id=\"wad_1\">Willhelm Klein \u2013 Strasse 27<br>4002 Basel<br><a style=\"text-decoration: none; color:rgb(0,0,0)\" href=\"tel:061325 81 61\" data-type=\"tel\" data-id=\"tel:061325 81 61\">061 \/ 325 81 61<\/a><br><a style=\"text-decoration: none;\" href=\"mailto:psychodiagnostik@upk.ch\">psychodiagnostik@upk.ch<\/a><br><a href=\"https:\/\/www.upk.ch\/erwachsene\/hilfe-bei\/adhs.html\" target=\"_blank\" rel=\"noreferrer noopener\">upk.ch\/erwachsene\/hilfe-bei\/adhs.html<\/a><\/p>\n\n\n\n<h4 class=\"wp-block-heading\">Aids Hilfe beider Basel ahbb<\/h4>\n\n\n\n<p>Kostenlose (anonyme) psychologische Beratung zum Thema Geschlecht, Identit\u00e4t und Transition.<\/p>\n\n\n\n<p id=\"wad_2\">Clarastrasse 4<br>4058 Basel<br><a style=\"text-decoration: none; color:rgb(0,0,0)\" href=\"tel:0613258161\" data-type=\"tel\" data-id=\"tel:0613258161\">061 \/ 685 25 00<\/a><br><a rel=\"noreferrer noopener\" href=\"http:\/\/www.ahbb.ch\/\" target=\"_blank\">www.ahbb.ch<\/a><br><a href=\"https:\/\/ahbb.ch\/angebote\/beratung\/telefonberatung\/\" target=\"_blank\" rel=\"noreferrer noopener\">www.ahbb.ch\/angebote\/beratung\/telefonberatung<\/a><\/p>\n\n\n\n<h4 class=\"wp-block-heading\">Allergiezentrum Schweiz<\/h4>\n\n\n\n<p>Informationen zu Allergien, Asthma und Intoleranzen<br>Aha! Allergiezentrum Schweiz<\/p>\n\n\n\n<p id=\"wad_3\">Scheibenstrasse 20<br>3014 Bern<br><a style=\"text-decoration: none; color:rgb(0,0,0)\" href=\"tel:033599050\" data-type=\"tel\" data-id=\"tel:033599050\">031 \/ 359 90 50<\/a><br><a style=\"text-decoration: none;\" href=\"mailto:info@aha.ch\" data-type=\"mailto\" data-id=\"mailto:info@aha.ch\">info@aha.ch<\/a><br><a href=\"https:\/\/www.aha.ch\/allergiezentrum-schweiz\/home\/?oid=1641&#038;lang=de\" target=\"_blank\" rel=\"noreferrer noopener\">www.aha.ch\/allergiezentrum-schweiz\/home\/?oid=1641&#038;lang=de<\/a><\/p>\n\n\n\n<h4 class=\"wp-block-heading\">Alter und Gesundheit<\/h4>\n\n\n\n<p>Fachstelle und Informationen rund um den Lebensabschnitt 65+<\/p>\n\n\n\n<p id=\"wad_4\">Curt G\u00f6tz Strasse 1<br>4102 Binningen<br><a style=\"text-decoration: none; color:rgb(0,0,0)\" href=\"tel:0614255340\" data-type=\"tel\" data-id=\"tel:0614255340\">061 \/ 425 53 40<\/a><br><a style=\"text-decoration: none;\" href=\"mailto:fag@binningen.bl.ch\" data-type=\"mailto\" data-id=\"mailto:fag@binningen.bl.ch\">fag@binningen.bl.ch<\/a><\/p>\n\n\n\n<h4 class=\"wp-block-heading\">amm Caf\u00e9 Med<\/h4>\n\n\n\n<p>kostenlose medizinische Zweitmeinung<br>durch Fachleute (Rest. Schnabel)<\/p>\n\n\n\n<p id=\"wad_5\">Trilleng\u00e4sslein 2<br>4051 Basel&nbsp;<\/p>\n\n\n\n<h4 class=\"wp-block-heading\">Anlaufstelle f\u00fcr Angst- und Panikhilfe<\/h4>\n\n\n\n<p>Nationale Anlaufstelle, Beratung, Betreuung f\u00fcr Betroffene und Angeh\u00f6rige<br>aphs \u2013 Angst- und Panikhilfe Schweiz<\/p>\n\n\n\n<p id=\"wad_6\">3001 Bern<br><a style=\"text-decoration: none; color:rgb(0,0,0)\" href=\"tel:0848801109\" data-type=\"tel\" data-id=\"tel:0848801109\">0848 801 109<\/a><br><a style=\"text-decoration: none;\" href=\"mailto:info@aphs.ch\">info@aphs.ch<\/a><br><a href=\"http:\/\/www.aphs.ch\/\" target=\"_blank\" rel=\"noreferrer noopener\">www.aphs.ch<\/a><\/p>\n\n\n\n<figure class=\"wp-block-table is-style-stripes has-large-font-size\"><table><tbody><tr><td>B<\/td><\/tr><\/tbody><\/table><\/figure>\n\n\n\n<h4 class=\"wp-block-heading\">Begegnungszentrum Cura<\/h4>\n\n\n\n<p>F\u00fcr chronisch kranke, Angeh\u00f6rige<br>und Interessierte<\/p>\n\n\n\n<p id=\"wad_7\">Lukas Legrand \u2013 Strasse 22<br>4058 Basel<br><a style=\"text-decoration: none; color:rgb(0,0,0)\" href=\"tel:0798998075\" data-type=\"tel\" data-id=\"tel:0798998075\">079 \/ 899 80 75<\/a><br><a style=\"text-decoration: none;\" href=\"mailto:info@begegnungszentrum-cura.ch\" data-type=\"mailto\" data-id=\"mailto:info@begegnungszentrum-cura.ch\">info@begegnungszentrum-cura.ch<\/a><br><a href=\"https:\/\/www.begegnungszentrum-cura.ch\/\" target=\"_blank\" rel=\"noreferrer noopener\">www.begegnungszentrum-cura.ch<\/a><\/p>\n\n\n\n<h4 class=\"wp-block-heading\">Beratung\/Beistandschaften (KESB)<\/h4>\n\n\n\n<p>Informationen zu verschiedenen Arten von Beistandschaften<br>Kindes \u2013 und Erwachsenen Schutzbeh\u00f6rde<\/p>\n\n\n\n<p id=\"wad_8\">Rheinsprung 16<br>4001 Basel<br><a style=\"text-decoration: none; color:rgb(0,0,0)\" href=\"tel:06126780 92\" data-type=\"tel\" data-id=\"tel:06126780 92\">061 \/ 267 80 92<\/a><br><a href=\"http:\/\/www.kesb.bs.ch\/erwachsene\/beistandschaften.html\" target=\"_blank\" rel=\"noreferrer noopener\">www.kesb.bs.ch\/erwachsene\/beistandschaften.html<\/a><\/p>\n\n\n\n<h4 class=\"wp-block-heading\">Beratung bei Demenz<\/h4>\n\n\n\n<p>Anlaufstelle bei pers\u00f6nlichen, rechtlichen &#038; finanziellen Belangen f\u00fcr Angeh\u00f6rige &#038; Betroffene<br>Stiftung Basler Wirrgarten \u2013 ATRIUM<\/p>\n\n\n\n<p id=\"wad_9\">Hammerstrasse 156<br>4057 Basel<br><a style=\"text-decoration: none; color:rgb(0,0,0)\" href=\"tel:06168591 90\" data-type=\"tel\" data-id=\"tel:06168591 90\">061 \/ 685 91 90<\/a><br><a href=\"https:\/\/www.wirrgarten.ch\/de\/unser-angebot#pagetop\">www.wirrgarten.ch\/de\/unser-angebot#pagetop<\/a><br><br>Alzheimervereinigung beider Basel<br>Burgfelderstrasse 101<br>4012 Basel<br><a style=\"text-decoration: none; color:rgb(0,0,0)\" href=\"tel:0613264795\" data-type=\"tel\" data-id=\"tel:0613264795\">061 \/ 326 47 95<\/a><br><a style=\"text-decoration: none;\" href=\"mailto:info@alzbb.ch\" data-type=\"mailto\" data-id=\"mailto:info@alzbb.ch\">info@alzbb.ch<\/a><br><a href=\"http:\/\/www.alzbb.ch\/\" target=\"_blank\" rel=\"noreferrer noopener\">www.alzbb.ch<\/a><\/p>\n\n\n\n<h4 class=\"wp-block-heading\">Beratung bei Krebs<\/h4>\n\n\n\n<p>Unentgeltliche Beratung f\u00fcr Betroffene, Angeh\u00f6rige und Hinterbliebene<br>Krebsliga beider Basel<\/p>\n\n\n\n<p id=\"wad_10\">Petersplatz 12<br>4051 Basel<br><a style=\"text-decoration: none;\" href=\"mailto:info@klbb.ch\" data-type=\"mailto\" data-id=\"mailto:info@klbb.ch\">info@klbb.ch<\/a><br><a href=\"http:\/\/www.klbb.ch\/de\/beratung_und_unterstutzung\/\">www.klbb.ch\/de\/beratung_und_unterstutzung<\/a><\/p>\n\n\n\n<h4 class=\"wp-block-heading\">Beratung f\u00fcr Patientenrechtsfragen<\/h4>\n\n\n\n<p>Information, Auskunft, Beratung, und Unterst\u00fctzung bei Problemen mit Spit\u00e4lern, \u00c4rzten, anderen Berufsgruppen im Gesundheitswesen, sowie Krankenkassen und Versicherungen<br>Patientenstelle Basel<\/p>\n\n\n\n<p id=\"wad_11\">Postfach \/ Hebelstrasse 53<br>4002 Basel<br><a style=\"text-decoration: none; color:rgb(0,0,0)\" href=\"tel:0612614241\" data-type=\"tel\" data-id=\"tel:0612614241\">061 \/ 261 42 41<\/a><br><a href=\"http:\/\/www.basel.patientenstelle.ch\/basel\/angebot.html\">www.basel.patientenstelle.ch\/basel\/angebot.html<\/a><\/p>\n\n\n\n<h4 class=\"wp-block-heading\">Beratungstelefon<\/h4>\n\n\n\n<p>Beratungsstelle f\u00fcr psychosoziale sowie rechtliche Fragestellungen<br>Stiftung Pro Mente Sana<\/p>\n\n\n\n<p id=\"wad_12\">Hardturmstrasse 261<br>8005 Z\u00fcrich<br><a style=\"text-decoration: none; color:rgb(0,0,0)\" href=\"tel:0444465500\" data-type=\"tel\" data-id=\"tel:0444465500\">044 \/ 446 55 00<\/a><br><a style=\"text-decoration: none;\" href=\"mailto:kontakt@promentesana.ch\" data-type=\"mailto\" data-id=\"mailto:kontakt@promentesana.ch\">kontakt@promentesana.ch<\/a><br><a href=\"https:\/\/www.promentesana.ch\/de\/startseite.html\" target=\"_blank\" rel=\"noreferrer noopener\">www.promentesana.ch\/de\/startseite.html<\/a><\/p>\n\n\n\n<figure class=\"wp-block-table is-style-stripes\"><table><tbody><tr><td>C<\/td><\/tr><\/tbody><\/table><\/figure>\n\n\n\n<figure class=\"wp-block-table is-style-stripes has-large-font-size\"><table><tbody><tr><td>D<\/td><\/tr><\/tbody><\/table><\/figure>\n\n\n\n<h4 class=\"wp-block-heading\">Dachorganisation Seniorenvereine<\/h4>\n\n\n\n<p>Verein 55+ Basler Seniorenkonferenz und<br>Dachorganisation Basler Senoirenvereine<\/p>\n\n\n\n<p id=\"wad_13\"><a href=\"https:\/\/www.55-plus.ch\/\" target=\"_blank\" rel=\"noreferrer noopener\">www.55-plus.ch<\/a><\/p>\n\n\n\n<h4 class=\"wp-block-heading\">Diabetesgesellschaft Region Basel<\/h4>\n\n\n\n<p>Information, Beratung und Pr\u00e4vention<br>Diabetesregionbasel<\/p>\n\n\n\n<p id=\"wad_14\">Marktplatz 5<br>4001 Basel<br><a style=\"text-decoration: none; color:rgb(0,0,0)\" href=\"tel:062610387\" data-type=\"tel\" data-id=\"tel:062610387\">061 \/ 261 03 87<\/a><br><a style=\"text-decoration: none;\" href=\"mailto:info@diabetesbasel.ch\">info@diabetesbasel.ch<\/a><br><a href=\"http:\/\/www.diabetesbasel.ch\/\" target=\"_blank\" rel=\"noreferrer noopener\">www.diabetesbasel.ch<\/a><\/p>\n\n\n\n<figure class=\"wp-block-table is-style-stripes has-large-font-size\"><table><tbody><tr><td>E<\/td><\/tr><\/tbody><\/table><\/figure>\n\n\n\n<h4 class=\"wp-block-heading\">EPI \u2013 Suisse<\/h4>\n\n\n\n<p>Schweizerischer Verein f\u00fcr Epilepsie inkl. Sozialberatung<\/p>\n\n\n\n<p id=\"wad_16\">Seefeldstrasse 84<br>8008 Z\u00fcrich<br><a style=\"text-decoration: none; color:rgb(0,0,0)\" href=\"tel:0434886880\" data-type=\"tel\" data-id=\"tel:0434886880\">043 \/ 488 68 80<\/a><br><a style=\"text-decoration: none;\" href=\"mailto:info@epi-suisse.ch\" data-type=\"mailto\" data-id=\"mailto:info@epi-suisse.ch\">info@epi-suisse.ch<\/a><br><a href=\"https:\/\/epi-suisse.ch\/angebote\/beraten-und-informieren\/\" target=\"_blank\" rel=\"noreferrer noopener\">epi-suisse.ch\/angebote\/beraten-und-informieren<\/a><br>Hirnverletzungen und Angeh\u00f6rige<br>Beratungsstelle, Selbsthilfe- und Freizeitgruppe f\u00fcr Betroffene, Selbsthilfegruppen f\u00fcr Angeh\u00f6rige und diverse Kurse<\/p>\n\n\n\n<figure class=\"wp-block-table is-style-stripes\"><table><tbody><tr><td>F<\/td><\/tr><\/tbody><\/table><\/figure>\n\n\n\n<figure class=\"wp-block-table is-style-stripes has-large-font-size\"><table><tbody><tr><td>G<\/td><\/tr><\/tbody><\/table><\/figure>\n\n\n\n<h4 class=\"wp-block-heading\">Generationen in Bewegung<\/h4>\n\n\n\n<p>Integrative Bewegungs- und Gesundheitsf\u00f6rderung mit div. Projekten und Kursen f\u00fcr Jung und Alt<br>Stiftung Hopp-la<\/p>\n\n\n\n<p id=\"wad_17\">Rufacherstrasse 34<br>4054 Basel<br><a style=\"text-decoration: none; color:rgb(0,0,0)\" href=\"tel:0613010126\" data-type=\"tel\" data-id=\"tel:0613010126\">061 \/ 301 01 26<\/a><br><a style=\"text-decoration: none;\" href=\"mailto:info@hopp-la.ch\" data-type=\"mailto\" data-id=\"mailto:info@hopp-la.ch\">info@hopp-la.ch<\/a><br><a href=\"http:\/\/www.hopp-la.ch\/\" target=\"_blank\" rel=\"noreferrer noopener\">www.hopp-la.ch<\/a><\/p>\n\n\n\n<h4 class=\"wp-block-heading\">Gesundheitsf\u00f6rderung<\/h4>\n\n\n\n<p>Tipps und Informationen zu Gesundheit- Ern\u00e4hrung- Bewegung, K\u00f6rper und Psyche.<br>Pr\u00e4vention und Vorsorge<br>Kanton Basel \u2013 Stadt, Med. Dienste<\/p>\n\n\n\n<p id=\"wad_18\">Malzgasse 30<br>4001 Basel<br><a style=\"text-decoration: none; color:rgb(0,0,0)\" href=\"tel:0612679000\" data-type=\"tel\" data-id=\"tel:0612679000\">061 \/ 267 90 00<\/a><br><a style=\"text-decoration: none;\" href=\"mailto:md@bs.ch\" data-type=\"mailto\" data-id=\"mailto:md@bs.ch\">md@bs.ch<\/a><br><a href=\"http:\/\/www.gesundheit.bs.ch\/gesundheitsfoerderung.html\">www.gesundheit.bs.ch\/gesundheitsfoerderung.html<\/a><\/p>\n\n\n\n<figure class=\"wp-block-table is-style-stripes\"><table><tbody><tr><td>H-J<\/td><\/tr><\/tbody><\/table><\/figure>\n\n\n\n<figure class=\"wp-block-table is-style-stripes has-large-font-size\"><table><tbody><tr><td>K<\/td><\/tr><\/tbody><\/table><\/figure>\n\n\n\n<h4 class=\"wp-block-heading\">Krankenversicherung clever<\/h4>\n\n\n\n<p>Entscheidungshilfen bei der Wahl des passenden Modells<br>Kanton Basel-Stadt, Medizinische Dienste<\/p>\n\n\n\n<p id=\"wad_19\">Malzgasse 30<br>4001 Basel<br><a style=\"text-decoration: none; color:rgb(0,0,0)\" href=\"tel:0612679000\" data-type=\"tel\" data-id=\"tel:0612679000\">061 \/ 267 90 00<\/a><br><a style=\"text-decoration: none;\" href=\"mailto:md@bs.ch\" data-type=\"mailto\" data-id=\"mailto:md@bs.ch\">md@bs.ch<\/a><br><a rel=\"noreferrer noopener\" href=\"http:\/\/www.gesundheit.bs.ch\/gesundheitsfoerderung\/gesundheitskompass.html\" target=\"_blank\"><span class=\"template_wichtige_adressen-card\">www.gesundheit.bs.ch\/gesundheitsfoerderung\/gesundheitskompass.html<\/span><\/a><\/p>\n\n\n\n<figure class=\"wp-block-table is-style-stripes has-large-font-size\"><table><tbody><tr><td>L<\/td><\/tr><\/tbody><\/table><\/figure>\n\n\n\n<h4 class=\"wp-block-heading\">Lungenliga beider Basel<\/h4>\n\n\n\n<p>Informationen, Kurse, Beratung und Betreuung f\u00fcr Menschen mit Lungenkrankheiten und Atembehinderungen<\/p>\n\n\n\n<p id=\"wad_20\">Mittlere Strasse 35<br>4056 Basel<br><a style=\"text-decoration: none; color:rgb(0,0,0)\" href=\"tel:0612053252\" data-type=\"tel\" data-id=\"tel:0612053252\">061 \/ 205 32 52<\/a><br><a style=\"text-decoration: none;\" href=\"mailto:info@llbb.ch\">info@llbb.ch<\/a><br><a href=\"http:\/\/www.lungenliga.ch\/de\/lungenliga-beider-basel\/\">www.lungenliga.ch\/de\/lungenliga-beider-basel<\/a><\/p>\n\n\n\n<figure class=\"wp-block-table is-style-stripes\"><table><tbody><tr><td>M-N<\/td><\/tr><\/tbody><\/table><\/figure>\n\n\n\n<figure class=\"wp-block-table is-style-stripes has-large-font-size\"><table><tbody><tr><td>O<\/td><\/tr><\/tbody><\/table><\/figure>\n\n\n\n<h4 class=\"wp-block-heading\">Opferhilfe beider Basel<\/h4>\n\n\n\n<p>Beratung und Information zu medizinischen, sozialen, rechtlichen, psychologischen und versicherungstechnischen Fragen<\/p>\n\n\n\n<p id=\"wad_21\">Steinenring 53<br>4051 Basel<br><a style=\"text-decoration: none; color:rgb(0,0,0)\" href=\"tel:0612050910\" data-type=\"tel\" data-id=\"tel:0612050910\">061 \/ 205 09 10<\/a><br><a style=\"text-decoration: none;\" href=\"mailto:info@opferhilfe-bb.ch\">info@opferhilfe-bb.ch<\/a><br><a href=\"http:\/\/www.opferhilfe-beiderbasel.ch\/\">www.opferhilfe-beiderbasel.ch<\/a><\/p>\n\n\n\n<h4 class=\"wp-block-heading\">Ombudsstelle<\/h4>\n\n\n\n<p>Ombudsstelle des Kantons Basel<\/p>\n\n\n\n<p id=\"wad_22\">Freie Strasse 52<br>4001 Basel<br><a style=\"text-decoration: none; color:rgb(0,0,0)\" href=\"tel:0612616050\" data-type=\"tel\" data-id=\"tel:0612616050\">061 \/ 261 60 50<\/a><br><a href=\"https:\/\/formulare.bs.ch\/ombudsstelle\/formular-kontakt\">www.formulare.bs.ch\/ombudsstelle\/formular-kontakt<\/a><\/p>\n\n\n\n<figure class=\"wp-block-table is-style-stripes has-large-font-size\"><table><tbody><tr><td>P<\/td><\/tr><\/tbody><\/table><\/figure>\n\n\n\n<h4 class=\"wp-block-heading\">Patienten \u2013 Anlauf &#8211; und Beratungsstelle PABS<\/h4>\n\n\n\n<p>Patientenberatung bei \u00dcbergriffen und Missbrauch bei Behandlungen, sowie medizinische Beratung- Notfall- und Ombudsstelle<\/p>\n\n\n\n<p id=\"wad_23\"><a style=\"text-decoration: none; color:rgb(0,0,0)\" href=\"tel:0615601550\" data-type=\"tel\" data-id=\"tel:0615601550\">061 \/ 560 15 50<\/a><br>Medges Medizinische Gesellschaft Basel<br>Freie Strasse 3\/5<br>4001 Basel<br><a style=\"text-decoration: none; color:rgb(0,0,0)\" href=\"tel:0615601515\" data-type=\"tel\" data-id=\"tel:0615601515\">061 \/ 560 15 15<\/a><br><a style=\"text-decoration: none;\" href=\"mailto:info@medges.ch\" data-type=\"mailto\" data-id=\"mailto:info@medges.ch\">info@medges.ch<\/a><br><a href=\"http:\/\/www.medges.ch\">www.medges.ch<\/a><\/p>\n\n\n\n<h4 class=\"wp-block-heading\">Pro Infirmis<\/h4>\n\n\n\n<p>Rechtsfragen und Unterst\u00fctzung bei Fragen zu Ausbildung, Wohnen, Arbeit, Sozialversicherung &#038;Weiteres f\u00fcr Menschen mit einer Behinderung<\/p>\n\n\n\n<p id=\"wad_24\">Bachlettenstrasse 12<br>4054 Basel<br><a style=\"text-decoration: none; color:rgb(0,0,0)\" href=\"tel:0587751860\" data-type=\"tel\" data-id=\"tel:0587751860\">058 \/ 775 18 60<\/a><br><a style=\"text-decoration: none;\" href=\"mailto:basel@proinfirmis.ch\" data-type=\"mailto\" data-id=\"mailto:basel@proinfirmis.ch\">basel@proinfirmis.ch<\/a><br><a href=\"https:\/\/www.proinfirmis.ch\/angebot\/basel-stadt.html\">www.proinfirmis.ch\/angebot\/basel-stadt.html<\/a><\/p>\n\n\n\n<h4 class=\"wp-block-heading\">Psychisch kranke Menschen und Angeh\u00f6rige<\/h4>\n\n\n\n<p>Zusammenschluss privater psychosozialer Institutionen<br>IG Prikop Interessengemeinschaft Private Koordination Psychiatrie<\/p>\n\n\n\n<p id=\"wad_25\"><a style=\"text-decoration: none; color:rgb(0,0,0)\" href=\"tel:0613859060\" data-type=\"tel\" data-id=\"tel:0613859060\">061 \/ 385 90 60<\/a><br><a style=\"text-decoration: none;\" href=\"mailto:prikop@co13.ch\" data-type=\"mailto\" data-id=\"mailto:prikop@co13.ch\">prikop@co13.ch<\/a><br><a href=\"http:\/\/www.prikop.ch\/home.html\">www.prikop.ch\/home.html<\/a><\/p>\n\n\n\n<figure class=\"wp-block-table is-style-stripes\"><table><tbody><tr><td>Q-R<\/td><\/tr><\/tbody><\/table><\/figure>\n\n\n\n<figure class=\"wp-block-table is-style-stripes has-large-font-size\"><table><tbody><tr><td>S<\/td><\/tr><\/tbody><\/table><\/figure>\n\n\n\n<h4 class=\"wp-block-heading\">Spezialsprechstunde f\u00fcr Menschen mit Essst\u00f6rungen (SPESS)<\/h4>\n\n\n\n<p>Beratung und Abkl\u00e4rung sowie auch weiterf\u00fchrende therapeutische Angebote f\u00fcr Erwachsene mit Essst\u00f6rungen<br>Universit\u00e4re Psychiatrische Kliniken (UPK)<\/p>\n\n\n\n<p id=\"wad_26\">Wilhelm Klein- Strasse 27<br>4001 Basel<br><a style=\"text-decoration: none; color:rgb(0,0,0)\" href=\"tel:0613255959\">061 \/ 325 59 59<\/a><br><a style=\"text-decoration: none;\" href=\"mailto:ZSP@upk.ch\" data-type=\"mailto\" data-id=\"mailto:ZSP@upk.ch\">ZSP@upk.ch<\/a><br><a href=\"https:\/\/www.upk.ch\/erwachsene\/hilfe-bei\/essstoerungen.html\">www.upk.ch\/erwachsene\/hilfe-bei\/essstoerungen.htm<\/a><\/p>\n\n\n\n<figure class=\"wp-block-table is-style-stripes\"><table><tbody><tr><td>T-Z<\/td><\/tr><\/tbody><\/table><\/figure>\n\n\n\n<p><\/p>\n","protected":false},"excerpt":{"rendered":"<p>A ADHS im Erwachsenenalter Ambulantes Angebot f\u00fcr Erw. mit ADHS Willhelm Klein \u2013 Strasse 274002 Basel061 \/ 325 81 61psychodiagnostik@upk.chupk.ch\/erwachsene\/hilfe-bei\/adhs.html Aids Hilfe beider Basel ahbb Kostenlose (anonyme) psychologische Beratung zum Thema Geschlecht, Identit\u00e4t und Transition. Clarastrasse 44058 Basel061 \/ 685 25 00www.ahbb.chwww.ahbb.ch\/angebote\/beratung\/telefonberatung Allergiezentrum Schweiz Informationen zu Allergien, Asthma und IntoleranzenAha! Allergiezentrum Schweiz Scheibenstrasse 203014 Bern031 [&hellip;]<\/p>\n","protected":false},"author":1,"featured_media":0,"parent":0,"menu_order":0,"comment_status":"closed","ping_status":"closed","template":"page-wichtige_adressen.php","meta":{"footnotes":""},"class_list":["post-88","page","type-page","status-publish","hentry"],"_links":{"self":[{"href":"https:\/\/sozial-psychiatrische-spitex.ch\/index.php?rest_route=\/wp\/v2\/pages\/88","targetHints":{"allow":["GET"]}}],"collection":[{"href":"https:\/\/sozial-psychiatrische-spitex.ch\/index.php?rest_route=\/wp\/v2\/pages"}],"about":[{"href":"https:\/\/sozial-psychiatrische-spitex.ch\/index.php?rest_route=\/wp\/v2\/types\/page"}],"author":[{"embeddable":true,"href":"https:\/\/sozial-psychiatrische-spitex.ch\/index.php?rest_route=\/wp\/v2\/users\/1"}],"replies":[{"embeddable":true,"href":"https:\/\/sozial-psychiatrische-spitex.ch\/index.php?rest_route=%2Fwp%2Fv2%2Fcomments&post=88"}],"version-history":[{"count":16,"href":"https:\/\/sozial-psychiatrische-spitex.ch\/index.php?rest_route=\/wp\/v2\/pages\/88\/revisions"}],"predecessor-version":[{"id":311,"href":"https:\/\/sozial-psychiatrische-spitex.ch\/index.php?rest_route=\/wp\/v2\/pages\/88\/revisions\/311"}],"wp:attachment":[{"href":"https:\/\/sozial-psychiatrische-spitex.ch\/index.php?rest_route=%2Fwp%2Fv2%2Fmedia&parent=88"}],"curies":[{"name":"wp","href":"https:\/\/api.w.org\/{rel}","templated":true}]}}